. Suppose 0 = 20*u - 6*u + 98. Calculate y(u).
5
Let n be 1*6/((-18)/(-6))*-2. Let a(h) = -h - 12 + 6 + 1. Give a(n).
-1
Suppose -65 = 4*p - 345. Let y = p - 55. Let r(q) = -q + q**3 + 19*q**2 + 17*q**2 - 37*q**2 + 0*q + y. What is r(0)?
15
Let n(o) = -2*o + 15. Let b = 437 + -443. Let u(h) = -2*h + 1. Let x(g) = b*u(g) + n(g). Give x(-2).
-11
Suppose -114*m - 162*m + 2*m = 0. Let y(j) = 3*j**2 - 8*j + 1. What is y(m)?
1
Let a(h) = -3*h**2 + 2. Suppose 0 = 25*m - 16*m - 189. Suppose -m*l - 11*l = -96. Calculate a(l).
-25
Let y be ((-64)/(-60))/(-8) - 104/120. Let n be ((-14)/98)/(y/21). Let q(z) = -z**3 + 4*z**2 - z + 4. Give q(n).
10
Let k(t) = t - 3. Let h(w) = 13 - 4 + 3*w - 6*w. Let y(s) = h(s) + 2*k(s). Let o = -25 + 18. What is y(o)?
10
Let o be (-27)/12 - 2060/(-1648). Let d(l) = l + 5*l**3 + 4 + 1 - 4 + l**2. What is d(o)?
-4
Let i be (-2)/(-3) - 8/(-6). Let w(z) = -1 + 0*z**2 + z - 3*z**i - 2*z. Suppose -b = r + 7 - 12, 7 = 5*r - b. Determine w(r).
-15
Let p(b) = b**3 + b - 14. Let w = -302 - -302. Suppose -645*o + 650*o = w. What is p(o)?
-14
Let c(t) be the first derivative of -3*t**4 + t**3/3 + 2*t**2 - 5*t - 1901. Calculate c(2).
-89
Let c = 121 + -122. Let p(v) = -v**3 - v + 1. Let h(y) = -y - 1. Let u(z) = -2*z**2 - 3*z - 2. Let j(n) = 3*h(n) - u(n). Let o(m) = c*p(m) - j(m). Give o(1).
0
Let f = -35 + 29. Let r(y) = 4*y - 5. Let a(c) = -2 + 0 - 2*c + 4. Let u(d) = f*r(d) - 13*a(d). Calculate u(-7).
-10
Let k(n) = n**3 - 6*n**2 + 4*n + 6. Let t be (3 - (-7)/(-2))*10. Let q be ((-2)/3)/(t/15). Let r = q + 3. What is k(r)?
1
Suppose -2*l = -w - 1, -4*w - w = 4*l - 37. Let h(r) = 34*r - 92*r + 33*r - 1 + 26*r. Give h(w).
4
Let h(o) = -2*o**2 + 142*o - 2522. Let k be h(36). Let w(c) = -c**3 - c**2 + 2*c + 6. Determine w(k).
6
Let d(i) = -7*i - 95. Let j = 11672 - 11686. Give d(j).
3
Let z(g) be the first derivative of 19*g**2 - 106*g + 3078. What is z(3)?
8
Let k(q) be the second derivative of q**5/20 + q**4/2 + 5*q**3/6 - q**2/2 + 2*q - 32. Let f = 272 - 278. Determine k(f).
-31
Let a(j) be the second derivative of -j**4/6 - 7*j**3/2 - 15*j**2 + 2202*j - 1. Give a(-9).
-3
Let r(x) = 3*x - 3*x**2 + 5*x**2 + 35 - x**3 - 38. Let y = 113 - 73. Let i = y - 37. What is r(i)?
-3
Suppose 2*s = 2*r + 28, 5*s - 12 - 31 = -4*r. Suppose s*o = 21*o - 10. Let p(l) = -l. Give p(o).
-1
Let z(c) = 3*c**2 - 10*c - 6. Let i be ((-95)/25 - -5)*(-25)/(-15). Let l(p) = -p**2 + 5*p + 3. Let d(m) = i*z(m) + 5*l(m). What is d(-3)?
-3
Suppose 6*d - 2*d + 12 = 0. Let f(w) be the first derivative of w**2/2 + w - 81. Give f(d).
-2
Let x(a) be the third derivative of a**5/60 + 7*a**4/6 - 16*a**3/3 - 1329*a**2 - 2. What is x(-29)?
-3
Let b(z) = z**3 - 2*z**2 - 2*z + 2. Let a be (-24)/40 + (-56)/(-10). Suppose 0 = 2*r - 3*p - p - 6, 16 = 4*r - 4*p. Suppose 0 = -a*v + r - 15. What is b(v)?
-10
Let o(y) = -2*y**3 - 72*y**2 - 132*y + 173. Let i(l) = -l**3 - 36*l**2 - 66*l + 89. Let q(w) = 7*i(w) - 4*o(w). Calculate q(-34).
-1
Let g(s) = -18*s**3 + 16*s**3 - 28*s**2 + 45*s**2 + s**3 - 1. What is g(17)?
-1
Let f(y) = -7*y + 217. Suppose 52*p = -58*p + 3300. What is f(p)?
7
Let k(u) be the first derivative of u**3/3 - 2*u**2 + 2*u - 2. Let x be 5 - 2*(2 + -1 + -3). Suppose 55 - 37 = x*p. Give k(p).
-2
Let i(g) = -g - 6. Let p be i(-7). Let v(j) be the second derivative of j**3/6 - 2*j**2 + 1041*j. Determine v(p).
-3
Let x(m) = -m - 5. Let s(p) = 2 + p - 1 + 1. Let t(i) = -7*s(i) - 3*x(i). Suppose 6*n = -2*n - 537 + 513. Give t(n).
13
Let k(z) = z**2 + 10*z - 64. Let l(t) = t**2 - 57*t + 492. Let g be l(46). Give k(g).
-8
Let y(f) = 2*f - f**3 - 3661 - 3*f**2 + 3661. Let m be 3*(0/4 + -1). Let x(d) = 2*d + 2. Let b be x(m). Calculate y(b).
8
Suppose -146*z = -47*z + 305*z + 3232. Let l(r) = 11*r - 43. What is l(z)?
-131
Suppose 0 = -p + 5*y - 10, -5 = -4*y + 7. Let q(s) = 3*s - s**3 + 11*s + 9*s**2 - 1 - 35*s + 8*s + p*s. Determine q(8).
-1
Let j(g) = 1951 - 651 - 649 - 2*g - 650 - 7*g**2. Let b = -39 + 40. Determine j(b).
-8
Let x(u) = u**2 - 7*u + 1. Suppose a + 144 = 3*a. Let h be a/(-16)*4/3. Let s be ((-2)/h)/(8/144). Calculate x(s).
-5
Let p(r) = -5*r**3 - 7*r**2 + 26*r - 3. Suppose -21*j = 10*j + 186. Let n(y) = -y**3 + 3*y - 1. Let a(x) = j*n(x) + p(x). What is a(5)?
-7
Let v(z) = 11*z + 2583 - 5189 + 2602 + z**2. Calculate v(-9).
-22
Suppose -99*o + 91*o - 8 = 0. Let t(r) = -126*r**2 + r + 1. Determine t(o).
-126
Suppose 2 = j + 3*a, 0 = -2*j + 4*a - 5*a + 4. Let m(v) = -2*v**2 + 3*v**j + 11 + 8*v - 12*v - v - 5*v. Determine m(9).
2
Let k(u) = 65*u - 4*u**3 - 61*u + 9 + 14*u**2 + 0*u**2. Let x(i) = -3*i**3 + 13*i**2 + 5*i + 9. Let g(y) = 4*k(y) - 5*x(y). What is g(-8)?
-1
Let c(b) = -3*b + 6. Let n(w) = -13*w + 16. Let z(v) = -7*c(v) + 2*n(v). Give z(-2).
0
Let u(w) be the first derivative of -2*w**2 + 2*w + 10. Suppose 0 = 24*d - 5*d - 38. Determine u(d).
-6
Let c be (-6 + 6)/(2/(-6)*-3). Let x be (c/(-8))/(1 - 3). Let y(h) = -h**3 - 15. Give y(x).
-15
Let p(y) be the third derivative of -y**4/6 - 7*y**3 + 216*y**2. What is p(-9)?
-6
Let n = 1685 - 1684. Let l(h) = -17*h**2 + 4*h - 2. Calculate l(n).
-15
Let c = -10614 + 10620. Let f(n) = n**3 - 7*n**2 + 5*n - 4. What is f(c)?
-10
Let b(x) = -503*x - 501*x + 1499*x - 5*x**2 - 2 - 499*x. Give b(-4).
-66
Let u(o) = -2*o**3 + 5*o**2 - 2*o + 13. Let i(k) = -k**3 + 3*k**2 - k + 6. Let t(s) = -5*i(s) + 3*u(s). Let a = 54 + -54. Determine t(a).
9
Let y(w) = 2*w**2 + 5*w - 11. Let n(i) be the second derivative of -i**4/4 - 5*i**3/6 + 6*i**2 - 2*i + 29. Let k(v) = 3*n(v) + 4*y(v). Calculate k(7).
-22
Let h(j) = -j**2 - 12*j - 21. Let l be h(-11). Let z = l - -6. Let q(s) be the second derivative of s**3/6 + 3*s. Determine q(z).
-4
Let z(t) be the second derivative of t**3/6 + t**2/2 + t. Let a(i) = -169*i - 11320. Let g be a(-67). Determine z(g).
4
Let a(n) be the third derivative of -n**4/24 + 2*n**3/3 - 3*n**2. Let r be a(0). Suppose -w = -r*w - 18. Let h(c) = -c**3 - 6*c**2 + c - 4. Determine h(w).
-10
Let p(q) = 126*q + 131. Suppose 21*f + 31 = -9*f - f. Calculate p(f).
5
Let g(b) be the first derivative of 10*b**3/3 - 2*b**2 - 3*b - 18. Suppose 566*f - 571*f + 24 = -2*q, -5*f = 5*q - 10. What is g(q)?
45
Let c(k) = -2*k**2 + k + 1. Let m be 9*(-4)/((-36)/(-9)). Let r be m*(-8)/72 + -2. Determine c(r).
-2
Let t(j) = 12*j + 257. Let m(w) = 4*w + 94. Let s(c) = -8*m(c) + 3*t(c). What is s(-5)?
-1
Let d(q) be the third derivative of -q**4/8 + 2*q**3 - q**2. Suppose 6*g - 5*n - 1 = 4*g, 7 = 2*g + n. Suppose -5*i + 18 = -g*i. Determine d(i).
-15
Let m(q) = -110*q - 27. Let u(l) = -35*l - 9. Let y(x) = 6*m(x) - 19*u(x). Determine y(-11).
-46
Let h(j) = j - 2. Suppose 0 = -5*n + q + 306 - 10, -n + 76 = 4*q. Suppose -d = -n + 63. Give h(d).
-5
Let n(i) = i**2 + 7*i - 13. Let g be -6 + (2 - 5)*1. Let v be n(g). Let j(s) be the third derivative of -s**4/24 + 5*s**3/6 + 38*s**2. Determine j(v).
0
Let j(b) be the first derivative of 9*b**2/2 + 61*b + 42. Let z be j(-6). Let m(k) = k**2 - 3*k**2 + z*k**2 + 1. Calculate m(-1).
6
Let h(g) = 17*g - 3. Let u(l) = -110*l + 17. Let a(j) = -13*h(j) - 2*u(j). Give a(10).
-5
Let i(v) be the second derivative of -3*v**4/4 + v**3/3 + v**2/2 - 25*v - 8. Let q = 28 + -29. Calculate i(q).
-10
Let j(b) = 2*b**2 + 17*b + 6. Let g(o) = -o**3 + 20*o**2 - 35*o - 23. Let v be g(18). Calculate j(v).
-29
Let o(h) = -h**3 - 11*h**2 - 13*h - 5. Let q(z) = 35*z - 72*z - 32*z**2 - 3*z**3 - 16 + 0*z**2. Let i(k) = 8*o(k) - 3*q(k). What is i(-7)?
8
Let v = -14 - -17. Suppose 13 = -4*d + 2*m + 3, v*d + 35 = -4*m. Let w(o) be the third derivative of -o**4/12 - o**3/2 + 61*o**2. Calculate w(d).
7
Suppose 0 = 218*k - 110*k + 3132. Let l(p) = 5*p**2 + 145*p + 5. Give l(k).
5
Suppose -47*s + 549 = 831. Let d(h) = 2*h**2 - 3*h - 83. Calculate d(s).
7
Let l(s) = -86 + 8707*s + 8719*s + 8704*s - 26088*s + 1. Determine l(2).
-1
Let g(o) = -3*o**2 + 2*o**2 + 3228 - 6467 + 3229 + 3*o. Calculate g(6).
-28
Let r be (-1)/(15/(-18)*(-4)/30). Let q be 2/r + (-116)/(-36) + 3. Let x be (0 + -16 + 4)*(-4)/q. Let z(a) = -a**3 + 9*a**2 - 7*a - 3. What is z(x)?
5
Let v(y) = 22*y - 1. Let i(u) = 171*u + 3. Let g(f) = i(f) - 7*v(f). Determine g(-2).
-24
Let o(k) = 230*k + 1 - 11 + 2 - 227*k - 4. What is o(4)?
0
Let r(h) = -h